are the prime factors of x?
17, 41
Suppose -s + 9127 = o, -5*s - 36508 = -4*o - 0*s. List the prime factors of o.
9127
Let p = -38 + -13. Let f = p + 165. List the prime factors of f.
2, 3, 19
Suppose 3*n - 12 = 3*k, 5*n - 6*k = -2*k + 18. Suppose -4*a - r = -1207, a = -n*r - 38 + 338. What are the prime factors of a?
2, 151
Let v(y) = -y**2 - 14*y + 8. Let k be v(-13). Suppose 930 = k*r - 1905. What are the prime factors of r?
3, 5
Let j = 204 - 196. Suppose 0 = -g - 20*t + 16*t + 284, 2*t - j = 0. What are the prime factors of g?
2, 67
Let b(s) = -s**3 + 7*s**2 - s - 22. Let i be b(6). Suppose -344 = -i*d - 0*d. List the prime factors of d.
43
Let s = 886 - -192. List the prime factors of s.
2, 7, 11
List the prime factors of -3 + 5 + 3 - -11282.
11287
Suppose 14*h - 405726 = -12*h + 7*h. List the prime factors of h.
2, 3, 3559
Let y be 388 - 1 - 0/(-1). Let n be (-2 + 0)*(-2)/(8/10). Suppose 66 - y = -4*a - n*g, 0 = 3*a - g - 255. List the prime factors of a.
2, 3, 7
Let q be ((-3)/(-3))/(1/14). What are the prime factors of 3/(6/751) - q/28?
3, 5
List the prime factors of ((6928/(-6))/2)/(((-374)/(-99))/(-17)).
2, 3, 433
Let a = -33 + 15. Let q = a - -57. Suppose f = 140 - q. What are the prime factors of f?
101
Suppose -22*j + 549 = -3213. Let u = 694 + -434. Suppose -6*t = -3*i - t + u, 0 = -2*i + t + j. What are the prime factors of i?
5, 17
Suppose -32*h + 46*h - 10906 = 0. Let d = h - 326. List the prime factors of d.
3, 151
Let p(l) = 2*l**2 - l - 2. Let u be p(-2). Let q be 0*(2 + (-20)/u). Suppose q = -8*j + 11*j - 264. What are the prime factors of j?
2, 11
Let j(p) be the first derivative of 5*p**3/3 - 15*p**2/2 + 22*p - 4. List the prime factors of j(8).
2, 3, 37
Let n = -1 + 1. Suppose -5*u + 495 = 2*z, n = 4*z - 2*z - 3*u - 503. Suppose -4*p = -z - 190. List the prime factors of p.
2, 5, 11
Suppose -5*f - 15 = -1180. Let g be (-25)/25*1*-9. Suppose g = -j + f. List the prime factors of j.
2, 7
Suppose 2*q - 2*t - 84 = t, 3*t = -3*q + 111. Suppose -258 = -17*u + 15*u. Let f = u + q. What are the prime factors of f?
2, 3, 7
Suppose -24*v + 29*v - 109100 = -5*h, -2*v + h = -43652. What are the prime factors of v?
2, 11, 31
Suppose 12*y + 4415 = 17*y. Suppose y = -9*v + 3952. What are the prime factors of v?
11, 31
Suppose -2*c + 10*c = 504. Let q = 98 - c. Suppose 4*x - q = -2*h + 21, 4*h = -x + 133. List the prime factors of h.
2, 17
Suppose a - 2168 = 7*t - 4*t, -4*t + 20 = 0. Suppose 2*q = -4*y + 1084, -4*q + a = -18*y + 23*y. What are the prime factors of q?
2, 3, 23
Let c(d) = -d**2 + 4*d + 9. Let k be c(0). Suppose k*z - 1444 = 1436. What are the prime factors of z?
2, 5
Let s be 74/(-2) - (2 - 3). Suppose -2192 = l - 2104. Let b = s - l. What are the prime factors of b?
2, 13
Suppose -68*f - 22645 = -73*f. List the prime factors of f.
7, 647
Let i = -69 - -1496. Suppose -4*v = -33 - i. What are the prime factors of v?
5, 73
Suppose 4*o - 75 = 2*u - 5*u, -2*o + 20 = -2*u. Suppose -g + b + 1 = -0*g, 5*g - b = -o. Let d(w) = 4*w**2 - 4*w - 4. List the prime factors of d(g).
2, 19
Suppose 0 = -7*w - 20 - 15. Let a(m) = -5*m**3 - 8*m**2 + 12*m + 19. List the prime factors of a(w).
2, 3
Suppose -439*c = -2218 + 23. Suppose -4*r + 1196 = -2*s, r + 897 = 4*r + 3*s. Suppose -3*u = -15, -c*j + 5*u + r = 99. What are the prime factors of j?
3, 5
Let g = -23735 - -43698. List the prime factors of g.
19963
Let n = 73628 + -51645. Suppose -13*r + 32*r - n = 0. What are the prime factors of r?
13, 89
Suppose -2*m + 219 = -3*p, -5*m + 0*p = -2*p - 564. Let d(c) = 45 + 4*c + m + 41 - 29. What are the prime factors of d(0)?
3, 19
Suppose -668 = -3*z + 832. Suppose 15*k + z = 10*k. Let j = 145 + k. What are the prime factors of j?
3, 5
Suppose -35*h + 1926 = -33*h. Suppose 4*v = 5*j - 2411, -2*j + 6*v + h = 3*v. What are the prime factors of j?
3, 7, 23
Let n = -5974 + 9021. List the prime factors of n.
11, 277
Let c(k) = 5*k**3 + k + 3. Suppose 4*g + j = 8, -5*j = -2*g + 11 - 7. List the prime factors of c(g).
3, 5
Let c(j) be the third derivative of -j**5/60 + 3*j**4/2 + 5*j**3/3 - 59*j**2. List the prime factors of c(22).
2, 3, 53
Let k(f) = -f**3 + 6*f**2 - 3*f + 2. Let h be k(5). Let u(s) = -29*s + 9. Let l(n) = -32*n + 9. Let q(w) = 5*l(w) - 6*u(w). What are the prime factors of q(h)?
3, 53
Let v = 128 - 645. Let k = v - -1231. List the prime factors of k.
2, 3, 7, 17
Let g be (-7)/(-14) - (-2)/4. List the prime factors of 217/g - (-52 - -57).
2, 53
Let o(s) = s**2 - 11*s - 1. Let g be o(10). Let j be 9/3 + g/(0 + 1). List the prime factors of 4*(2 + (-20)/j - 1).
2, 7
Suppose 0 = 2*z - 4*u + 4098, z + 133 + 1928 = -2*u. Let f = -973 - z. What are the prime factors of f?
2, 541
Let x(a) = -2183*a + 1517. What are the prime factors of x(-7)?
2, 37, 227
Suppose 302 = 4*v - 2*m, -2*v + 3*m = -84 - 61. Let z = 80 - v. Suppose -z*j = -10*j + 1036. List the prime factors of j.
2, 37
Let d = -360 + 40. Let g = 517 + d. List the prime factors of g.
197
List the prime factors of ((-8)/16)/((-4)/2140)*58/1.
5, 29, 107
Suppose -m = -v + 16355, -284*v - 81763 = -289*v + m. What are the prime factors of v?
2, 7, 73
Suppose 4*h + 5*z = 1370, -4*h + 3*z + 203 = -1151. Suppose 13*c - 9*c - h = 0. Suppose 2*x - 4*o - c = o, o + 97 = 2*x. List the prime factors of x.
2, 5
List the prime factors of -24*(0 + -1)*(-35763)/(-84).
2, 3, 13, 131
Let q = -27315 - -38728. What are the prime factors of q?
101, 113
Let r(a) = 131*a - 2793. List the prime factors of r(90).
3, 2999
List the prime factors of 443031/75 - 66/825.
3, 11, 179
Let l(p) = 2*p**3 - 54*p**2 + 95*p - 592. What are the prime factors of l(31)?
3, 3347
Let v(y) = 4 - 20*y + 2 - 4 - 209*y**2 + 5 + 396*y**2. What are the prime factors of v(-3)?
2, 5, 7
Suppose -216 = -4*l + 13*l. List the prime factors of 631 - 1 - 48/l - 3.
17, 37
Let g(d) be the first derivative of -d**3/3 + 5*d**2/2 + 54*d - 23. Let p be g(10). Suppose 5*a - 1136 - p = 0. List the prime factors of a.
2, 3, 19
What are the prime factors of 74259/(-6)*(-2 - (-16)/12)?
37, 223
Let i(v) = 17*v**2 + 7*v - 53. Let c be i(-12). Suppose -4 = -4*m - 8, 0 = 3*t - 4*m - c. List the prime factors of t.
769
Let v = 123 - 119. Let p(o) = 2*o**3 + o**2 + 2*o - 9. Let w be p(v). Let c = -13 + w. What are the prime factors of c?
2, 5, 13
Let f = 8441 + -5820. List the prime factors of f.
2621
What are the prime factors of -3 - -10 - 99746*(42/(-4) + 10)?
2, 5, 29, 43
Let i be (-1)/(((-28)/40)/7). Let f be 30/50 + 24/i. Let v(l) = 3*l**2 + 2*l - 1. List the prime factors of v(f).
2
Suppose 0 = -3*l + 9, -l - 397 + 1420 = 3*f. List the prime factors of (-3 - -1) + (4 + f)*2.
2, 7
Let x(w) = 117 - 26*w + 64*w + 2*w**2 - 95. What are the prime factors of x(-22)?
2, 7, 11
Let d = 10083 + -4094. What are the prime factors of d?
53, 113
Suppose 4*w = 2*j - 42058, 1020*j - 42107 = 1018*j - 3*w. What are the prime factors of j?
11, 1913
Suppose 40 = 99*z - 89*z. Let k(t) = 59*t**2 - 7*t + 59. List the prime factors of k(z).
3, 5, 13
Let l = 3001 + 18558. What are the prime factors of l?
21559
Let q = -95 + 95. Suppose q = -2*n - 4*l, -5*l - 26 = -5*n - 2*l. Suppose -5*k + 263 = -3*d, n*d + 94 = -0*k + 2*k. What are the prime factors of k?
5, 11
Let a = 44 - 41. Suppose a*y + 9 = 21. Suppose -4*m = -3*k - 2*m + 429, 586 = y*k + 2*m. List the prime factors of k.
5, 29
Suppose 3*h - 19908 = -3*p, -11*h = -15*h + p + 26564. List the prime factors of h.
2, 5, 83
Suppose 2*h + 50*v - 52*v - 30400 = 0, -5*h = -4*v - 75999. List the prime factors of h.
15199
Let p(y) be the third derivative of -11*y**6/20 - y**5/20 - y**4/12 - 13*y**2 + 3. What are the prime factors of p(-1)?
5, 13
Let r(m) = 39*m**3 - 2*m**2 + 6*m + 72. What are the prime factors of r(8)?
2, 5, 499
Let d(h) = h**2 + h. Let t be d(-1). Suppose t = -2*m - 26 + 38. Suppose -229 = -m*w + 1283. List the prime factors of w.
2, 3, 7
Suppose -i - 13 = y - 3*y, 2*i + 29 = 5*y. What are the prime factors of 392 - (2 + 4 + i)?
3, 131
Let w = -44680 + 76007. What are the prime factors of w?
31327
Let f = 3378 + -3381. Let h(j) be the third derivative of -17*j**4/12 + 5*j**3/6 + j**2. What are the prime factors of h(f)?
107
Suppose 15 = -u + 9. Let n(t) = t**2 + 9*t + 21. Let x be n(u). What are the 